{"id":2,"date":"2026-02-01T23:09:14","date_gmt":"2026-02-01T22:09:14","guid":{"rendered":"https:\/\/www.centralapolskichszkol.org\/?page_id=2"},"modified":"2026-07-22T16:54:59","modified_gmt":"2026-07-22T14:54:59","slug":"rekolekcje","status":"publish","type":"page","link":"https:\/\/www.centralapolskichszkol.org\/index.php\/rekolekcje\/","title":{"rendered":"Rekolekcje"},"content":{"rendered":"\r\n<h2>Rekolekcje w Ameryka\u0144skiej Cz\u0119stochowie<\/h2>\r\n<p class=\"isSelectedEnd wp-block-paragraph\">Rekolekcje odb\u0119d\u0105 si\u0119 <strong>30\u201331 stycznia w Ameryka\u0144skiej Cz\u0119stochowie<\/strong>.<\/p>\r\n<p>Szczeg\u00f3\u0142owe informacje dotycz\u0105ce programu i organizacji wydarzenia pojawi\u0105 si\u0119 wkr\u00f3tce.<\/p>\r\n","protected":false},"excerpt":{"rendered":"<p>Rekolekcje w Ameryka\u0144skiej Cz\u0119stochowie Rekolekcje odb\u0119d\u0105 si\u0119 30\u201331 stycznia w Ameryka\u0144skiej Cz\u0119stochowie. Szczeg\u00f3\u0142owe informacje dotycz\u0105ce programu i organizacji wydarzenia pojawi\u0105 si\u0119 wkr\u00f3tce.<\/p>\n","protected":false},"author":1,"featured_media":0,"parent":0,"menu_order":0,"comment_status":"closed","ping_status":"open","template":"","meta":{"footnotes":""},"class_list":["post-2","page","type-page","status-publish","hentry","description-off"],"_links":{"self":[{"href":"https:\/\/www.centralapolskichszkol.org\/index.php\/wp-json\/wp\/v2\/pages\/2","targetHints":{"allow":["GET"]}}],"collection":[{"href":"https:\/\/www.centralapolskichszkol.org\/index.php\/wp-json\/wp\/v2\/pages"}],"about":[{"href":"https:\/\/www.centralapolskichszkol.org\/index.php\/wp-json\/wp\/v2\/types\/page"}],"author":[{"embeddable":true,"href":"https:\/\/www.centralapolskichszkol.org\/index.php\/wp-json\/wp\/v2\/users\/1"}],"replies":[{"embeddable":true,"href":"https:\/\/www.centralapolskichszkol.org\/index.php\/wp-json\/wp\/v2\/comments?post=2"}],"version-history":[{"count":2,"href":"https:\/\/www.centralapolskichszkol.org\/index.php\/wp-json\/wp\/v2\/pages\/2\/revisions"}],"predecessor-version":[{"id":23011,"href":"https:\/\/www.centralapolskichszkol.org\/index.php\/wp-json\/wp\/v2\/pages\/2\/revisions\/23011"}],"wp:attachment":[{"href":"https:\/\/www.centralapolskichszkol.org\/index.php\/wp-json\/wp\/v2\/media?parent=2"}],"curies":[{"name":"wp","href":"https:\/\/api.w.org\/{rel}","templated":true}]}}

<h2>Rekolekcje w Amerykańskiej Częstochowie</h2>
<p class="isSelectedEnd wp-block-paragraph">Rekolekcje odbędą się <strong>30–31 stycznia w Amerykańskiej Częstochowie</strong>.</p>
<p>Szczegółowe informacje dotyczące programu i organizacji wydarzenia pojawią się wkrótce.</p>

<p>Rekolekcje w Amerykańskiej Częstochowie Rekolekcje odbędą się 30–31 stycznia w Amerykańskiej Częstochowie. Szczegółowe informacje dotyczące programu i organizacji wydarzenia pojawią się wkrótce.</p>
